{"id":14,"date":"2016-04-29T19:09:53","date_gmt":"2016-04-29T18:09:53","guid":{"rendered":"http:\/\/hotelplazalasmatas.com\/?page_id=14"},"modified":"2020-06-01T09:50:00","modified_gmt":"2020-06-01T08:50:00","slug":"localizacion","status":"publish","type":"page","link":"https:\/\/hotelplazalasmatas.com\/?page_id=14","title":{"rendered":"Localizaci\u00f3n"},"content":{"rendered":"<p><a href=\"https:\/\/www.google.es\/maps\/place\/Calle+Mart%C3%ADn+Iriarte,+2F,+28290+Las+Rozas,+Madrid\/@40.5511964,-3.8977127,17z\/data=!3m1!4b1!4m5!3m4!1s0xd4182b830348dbd:0x612cf51b3fc24652!8m2!3d40.5511964!4d-3.895524\">Abrir el mapa con la ubicaci\u00f3n del Hotel<\/a><br \/>\nEl Hotel Plaza Las Matas est\u00e1 ubicado en la localidad de Las Matas, junto a la Nacional VI, en el kil\u00f3metro 24.<\/p>\n<p>La estaci\u00f3n de ferrocarril de Las Matas est\u00e1 situada a dos minutos caminando desde el Hotel.<\/p>\n<p>&nbsp;<\/p>\n<p>Direcci\u00f3n:<\/p>\n<p>Hotel Plaza Las Matas<\/p>\n<p>C\/ Mart\u00edn Iriarte n\u00ba2F<\/p>\n<p>28290 Las Matas (Madrid)<\/p>\n<p>TEL 91 630 75 70<\/p>\n<p>&nbsp;<\/p>\n<p>Desde la estaci\u00f3n de Las Matas puedes llegar al centro de Madrid (Sol) sin necesidad de transbordos en tan solo 30 minutos aproximadamente. En apenas 20 minutos a la estaci\u00f3n de Principe P\u00edo.<\/p>\n<p>Cerca del hotel podemos encontrar:<\/p>\n<ul>\n<li>Las Rozas Village: \u00abChic Outlet Shopping\u00bb. La zona de Shopping Outlet con m\u00e1s tiendas de Madrid.<\/li>\n<li>El Casino Gran Madrid: Principal casino de la zona centro de Espa\u00f1a. Se encuentra a tan solo 2,3km del Hotel. Disponemos de invitaciones para la entrada gratuita. Solic\u00edtelas en recepci\u00f3n.<\/li>\n<li>Tienda gourmet Los Abarrotes: Donde podr\u00e1s disfrutar de eventos de catas de vinos, gin-tonic, quesos y productos gourmet.<\/li>\n<li>El Pardo: El hotel se ubica junto al monte del pardo, la zona protegida natural m\u00e1s amplia de Madrid.<\/li>\n<li>Sierra de Guadarrama: Desde el hotel puede llegar en pocos minutos a la Sierra de Guadarrama, donde puede disfrutar de las mejores rutas para caminar en la capital e incluso practicar deportes de invierno como el esqu\u00ed o el snowboard.<\/li>\n<li>Monasterio del Escorial: A pocos minutos en coche desde el hotel se encuentra el Monasterio del Escorial y el Valle de los Ca\u00eddos.<\/li>\n<li>Golf: Practique su deporte favorito en el Nuevo Club de Golf de Madrid.<\/li>\n<\/ul>\n","protected":false},"excerpt":{"rendered":"<p>Abrir el mapa con la ubicaci\u00f3n del Hotel El Hotel Plaza Las Matas est\u00e1 ubicado en la localidad de Las Matas, junto a la Nacional VI, en el kil\u00f3metro 24. La estaci\u00f3n de ferrocarril de Las Matas est\u00e1 situada a dos minutos caminando desde el Hotel. &nbsp; Direcci\u00f3n: Hotel Plaza Las Matas C\/ Mart\u00edn Iriarte [&hellip;]<\/p>\n","protected":false},"author":1,"featured_media":0,"parent":0,"menu_order":6,"comment_status":"closed","ping_status":"closed","template":"template-fullwidth.php","meta":{"footnotes":""},"class_list":["post-14","page","type-page","status-publish","hentry"],"_links":{"self":[{"href":"https:\/\/hotelplazalasmatas.com\/index.php?rest_route=\/wp\/v2\/pages\/14","targetHints":{"allow":["GET"]}}],"collection":[{"href":"https:\/\/hotelplazalasmatas.com\/index.php?rest_route=\/wp\/v2\/pages"}],"about":[{"href":"https:\/\/hotelplazalasmatas.com\/index.php?rest_route=\/wp\/v2\/types\/page"}],"author":[{"embeddable":true,"href":"https:\/\/hotelplazalasmatas.com\/index.php?rest_route=\/wp\/v2\/users\/1"}],"replies":[{"embeddable":true,"href":"https:\/\/hotelplazalasmatas.com\/index.php?rest_route=%2Fwp%2Fv2%2Fcomments&post=14"}],"version-history":[{"count":5,"href":"https:\/\/hotelplazalasmatas.com\/index.php?rest_route=\/wp\/v2\/pages\/14\/revisions"}],"predecessor-version":[{"id":63,"href":"https:\/\/hotelplazalasmatas.com\/index.php?rest_route=\/wp\/v2\/pages\/14\/revisions\/63"}],"wp:attachment":[{"href":"https:\/\/hotelplazalasmatas.com\/index.php?rest_route=%2Fwp%2Fv2%2Fmedia&parent=14"}],"curies":[{"name":"wp","href":"https:\/\/api.w.org\/{rel}","templated":true}]}}